{"id":262,"date":"2016-10-23T17:51:21","date_gmt":"2016-10-23T17:51:21","guid":{"rendered":"http:\/\/www.sinfindefiestas.com\/?page_id=262"},"modified":"2025-10-20T16:10:52","modified_gmt":"2025-10-20T16:10:52","slug":"nochevieja-2023-2024","status":"publish","type":"page","link":"https:\/\/www.sinfindefiestas.com\/index.php\/nochevieja-2023-2024\/","title":{"rendered":"Nochevieja 2024-2025"},"content":{"rendered":"<\/div><\/div><\/div><!-- close content main div --><\/div><\/div><div id='full_slider_1' class='avia-fullwidth-slider main_color avia-shadow  container_wrap sidebar_right'   ><\/div>\n<\/div><\/div><\/div><!-- close content main div --><\/div><\/div><div id='services' class='avia-section main_color avia-section-huge avia-no-border-styling avia-bg-style-scroll  container_wrap sidebar_right' style = 'background-color: #efefef; background-color: #efefef; '  ><div class='container' ><div class='template-page content  av-content-small alpha units'><div class='post-entry post-entry-type-page post-entry-262'><div class='entry-content-wrapper clearfix'>\n<div class=\"flex_column av_one_fifth  flex_column_div first  \" ><\/div><div class=\"flex_column av_one_full  flex_column_div av-zero-column-padding first  \" style='border-radius:0px; '><div style='padding-bottom:10px;font-size:30px;' class='av-special-heading av-special-heading-h4  blockquote classic-quote   av-inherit-size'><h4 class='av-special-heading-tag'  itemprop=\"headline\"  > \u00bfBuscando fiesta de nochevieja DIFERENTE en MADRID CAPITAL? \u00bfBuscas gente joven? Precio econ\u00f3mico y sin enga\u00f1os tratando directamente con los promotores no RRPP? LA ENCONTRASTE Sinfindefiestas te trae una nochevieja 024\/025 diferente, respetando aforos y a un precio muy econ\u00f3mico, desde 45\u20ac en el (ANTIGUO ALMONTE) ,local m\u00edtico a 100 metros del ESTADIO SANTIAGO BERNAB\u00c9U Y OTROS 4 M\u00c1S:, : <\/h4><div class='special-heading-border'><div class='special-heading-inner-border' ><\/div><\/div><\/div><\/div><div class=\"flex_column av_one_fifth  flex_column_div av-zero-column-padding first  \" style='border-radius:0px; '><\/div><div style=' margin-top:40px; margin-bottom:40px;'  class='hr hr-custom hr-center hr-icon-no '><span class='hr-inner   inner-border-av-border-fat' style=' width:50px; border-color:#4ecac2;' ><span class='hr-inner-style'><\/span><\/span><\/div>\n<div class=\"flex_column av_one_third  flex_column_div first  \" ><article class=\"iconbox iconbox_left_content  \"  itemscope=\"itemscope\" itemtype=\"https:\/\/schema.org\/CreativeWork\" ><div class=\"iconbox_icon heading-color\" aria-hidden='true' data-av_icon='\ue8cb' data-av_iconfont='entypo-fontello'  ><\/div><div class=\"iconbox_content\"><header class=\"entry-content-header\"><h3 class='iconbox_content_title'  itemprop=\"headline\"  >Reserva tus entradas<\/h3><\/header><div class='iconbox_content_container '  itemprop=\"text\"  ><p>Nochevieja es una fecha muy demandada y las entradas se agotan con facilidad, te recomendamos que reserves tu entrada lo antes posible. Ll\u00e1manos &nbsp;y encantados te atenderemos. Ram\u00f3n: 639 738 834<\/p>\n<\/div><\/div><footer class=\"entry-footer\"><\/footer><\/article><\/div><div class=\"flex_column av_two_third  flex_column_div av-zero-column-padding   \" style='border-radius:0px; '><article class=\"iconbox iconbox_left_content  \"  itemscope=\"itemscope\" itemtype=\"https:\/\/schema.org\/CreativeWork\" ><div class=\"iconbox_icon heading-color\" aria-hidden='true' data-av_icon='\ue852' data-av_iconfont='entypo-fontello'  ><\/div><div class=\"iconbox_content\"><header class=\"entry-content-header\"><h3 class='iconbox_content_title'  itemprop=\"headline\"  >QUE TE OFRECEMOS:<\/h3><\/header><div class='iconbox_content_container '  itemprop=\"text\"  ><p><strong>+BARRA LIBRE<\/strong>&nbsp;toda la noche,MARCAS CONOCIDAS y no se acaba 100%,cero garraf\u00f3n, si has venido alguna fiesta nuestra( Graduacion, nochevieja, Halloween) lo sabes.. y como M\u00e1ximo esperando 5 min podr\u00e1s pedir m\u00e1s de 20 copas si quieres con camareros profesionales<\/p>\n<p><strong>&nbsp;+M\u00daSICA COMERCIAL Y ACTUAL<\/strong>(regueatton, dance,pachanga..) de mano de los mejores djs.<\/p>\n<p><strong>+FOTOGRAFOS<\/strong> con after movie.<\/p>\n<p><strong> +AFORO:<\/strong><\/p>\n<p><strong><em>350 personas divididos en&nbsp; 2 plantas.<\/em><\/strong><\/p>\n<p><strong>+MUCHA FIESTA&#8230; <\/strong><\/p>\n<\/div><\/div><footer class=\"entry-footer\"><\/footer><\/article><\/div><div class=\"flex_column av_four_fifth  flex_column_div av-zero-column-padding first  \" style='border-radius:0px; '><article class=\"iconbox iconbox_left_content  \"  itemscope=\"itemscope\" itemtype=\"https:\/\/schema.org\/CreativeWork\" ><div class=\"iconbox_icon heading-color\" aria-hidden='true' data-av_icon='\ue8d3' data-av_iconfont='entypo-fontello'  ><\/div><div class=\"iconbox_content\"><header class=\"entry-content-header\"><h3 class='iconbox_content_title'  itemprop=\"headline\"  >Entradas desde 35\u20ac<\/h3><\/header><div class='iconbox_content_container '  itemprop=\"text\"  ><p>-Cabe la posibilidad de reservar tu entrada en noviembre x 10\u20ac y pagar el resto en DICIEMBRE.<\/p>\n<p>-El a\u00f1o pasado agotamos todas las entradas de los 4 locales&nbsp; en exclusiva que ten\u00edamos con diferentes edades, NO TE QUEDES SIN LA TUYA, si quer\u00e9is fiesta privada tambi\u00e9n disponemos de locales y para noviembre y diciembre. +info: 639738834 y en el v\u00eddeo.un saludo<\/p>\n<\/div><\/div><footer class=\"entry-footer\"><\/footer><\/article><\/div><\/div><\/div><\/div><!-- close content main div --><\/div><\/div><div id='after_section_1' class='main_color av_default_container_wrap container_wrap sidebar_right'   ><div class='container' ><div class='template-page content  av-content-small alpha units'><div class='post-entry post-entry-type-page post-entry-262'><div class='entry-content-wrapper clearfix'>\n","protected":false},"excerpt":{"rendered":"","protected":false},"author":1,"featured_media":0,"parent":0,"menu_order":0,"comment_status":"closed","ping_status":"closed","template":"","meta":[],"_links":{"self":[{"href":"https:\/\/www.sinfindefiestas.com\/index.php\/wp-json\/wp\/v2\/pages\/262"}],"collection":[{"href":"https:\/\/www.sinfindefiestas.com\/index.php\/wp-json\/wp\/v2\/pages"}],"about":[{"href":"https:\/\/www.sinfindefiestas.com\/index.php\/wp-json\/wp\/v2\/types\/page"}],"author":[{"embeddable":true,"href":"https:\/\/www.sinfindefiestas.com\/index.php\/wp-json\/wp\/v2\/users\/1"}],"replies":[{"embeddable":true,"href":"https:\/\/www.sinfindefiestas.com\/index.php\/wp-json\/wp\/v2\/comments?post=262"}],"version-history":[{"count":45,"href":"https:\/\/www.sinfindefiestas.com\/index.php\/wp-json\/wp\/v2\/pages\/262\/revisions"}],"predecessor-version":[{"id":653,"href":"https:\/\/www.sinfindefiestas.com\/index.php\/wp-json\/wp\/v2\/pages\/262\/revisions\/653"}],"wp:attachment":[{"href":"https:\/\/www.sinfindefiestas.com\/index.php\/wp-json\/wp\/v2\/media?parent=262"}],"curies":[{"name":"wp","href":"https:\/\/api.w.org\/{rel}","templated":true}]}}