{"id":276,"date":"2016-10-23T18:17:21","date_gmt":"2016-10-23T18:17:21","guid":{"rendered":"http:\/\/www.sinfindefiestas.com\/?page_id=276"},"modified":"2025-10-08T16:35:40","modified_gmt":"2025-10-08T16:35:40","slug":"graduaciones","status":"publish","type":"page","link":"https:\/\/www.sinfindefiestas.com\/index.php\/graduaciones\/","title":{"rendered":"Graduaciones"},"content":{"rendered":"<\/div><\/div><\/div><!-- close content main div --><\/div><\/div><div id='av_section_1' class='avia-section main_color avia-section-default avia-no-shadow avia-bg-style-scroll  container_wrap sidebar_right'   ><div class='container' ><div class='template-page content  av-content-small alpha units'><div class='post-entry post-entry-type-page post-entry-276'><div class='entry-content-wrapper clearfix'>\n<div class=\"flex_column av_one_full  flex_column_div first  \" ><article class=\"iconbox iconbox_left_content  \"  itemscope=\"itemscope\" itemtype=\"https:\/\/schema.org\/CreativeWork\" ><div class=\"iconbox_icon heading-color\" aria-hidden='true' data-av_icon='\ue8c9' data-av_iconfont='entypo-fontello'  ><\/div><div class=\"iconbox_content\"><header class=\"entry-content-header\"><h3 class='iconbox_content_title'  itemprop=\"headline\"  >OPCIONES PARA TU GRADUACI\u00d3N 2020 DE 2\u00ba DE BACHILLER O UNIVERSIDAD:<\/h3><\/header><div class='iconbox_content_container '  itemprop=\"text\"  ><p>DISPONEMOS DE LOCALES EN EL CENTRO Y DE UN FINCA DE LUJO A SOLO 30 MINUTOS DE MADRID (siempre recomendamos esta opci\u00f3n porque aunque es m\u00e1s cara es m\u00e1s espectacular).Mira el v\u00eddeo de la finca (PONLO A PANTALLA COMPLETA) y luego desliza hacia abajo para ver todas las opciones que ten\u00e9is:<\/p>\n<\/div><\/div><footer class=\"entry-footer\"><\/footer><\/article><\/div><div class=\"flex_column av_one_fourth  flex_column_div first  \" ><\/div><div class=\"flex_column av_one_half  flex_column_div av-zero-column-padding   \" style='border-radius:0px; '><div  data-size='magazine'  data-lightbox_size='large'  data-animation='slide'  data-ids=''  data-video_counter='1'  data-autoplay='true'  data-bg_slider='false'  data-slide_height=''  data-handle='av_slideshow'  data-interval='3'  data-class=''  data-css_id=''  data-scroll_down=''  data-control_layout=''  data-custom_markup=''  data-perma_caption=''  data-autoplay_stopper=''  data-default-height='52.816901408451'  class='avia-slideshow avia-slideshow-1  av-default-height-applied avia-slideshow-magazine av_slideshow  avia-slide-slider '  itemscope=\"itemscope\" itemtype=\"https:\/\/schema.org\/ImageObject\" ><ul class='avia-slideshow-inner' style='padding-bottom: 52.816901408451%;'><li  data-controls='' data-mute='' data-loop='' data-disable-autoplay=''  data-video-ratio='1.7777777777778' class=' av-video-slide  av-video-service-youtube  av-mobile-fallback-image av-single-slide slide-1 ' ><div data-rel='slideshow-1' class='avia-slide-wrap'  ><div class='av-click-overlay'><\/div><div class='mejs-mediaelement'><div height='1600' width='900' class='av_youtube_frame' id='player_276_969852345_1231593199'  data-autoplay='0'  data-videoid='IgDx5mwmKdk'  data-hd='1'  data-rel='0'  data-wmode='opaque'  data-playlist='player_276_969852345_1231593199'  data-loop='0'  data-version='3'  data-autohide='1'  data-color='white'  data-controls='1'  data-showinfo='0'  data-iv_load_policy='3' ><\/div><\/div><\/div><\/li><\/ul><\/div><\/div><div class=\"flex_column av_one_fourth  flex_column_div av-zero-column-padding   \" style='border-radius:0px; '><\/div><\/div><\/div><\/div><!-- close content main div --><\/div><\/div><div id='after_section_1' class='main_color av_default_container_wrap container_wrap sidebar_right'   ><div class='container' ><div class='template-page content  av-content-small alpha units'><div class='post-entry post-entry-type-page post-entry-276'><div class='entry-content-wrapper clearfix'><\/div><\/div><\/div><!-- close content main div --><\/div><\/div><div id='services' class='avia-section main_color avia-section-huge avia-no-border-styling avia-bg-style-scroll  container_wrap sidebar_right' style = 'background-color: #efefef; background-color: #efefef; '  ><div class='container' ><div class='template-page content  av-content-small alpha units'><div class='post-entry post-entry-type-page post-entry-276'><div class='entry-content-wrapper clearfix'>\n<div class=\"flex_column av_one_full  flex_column_div av-zero-column-padding first  \" style='border-radius:0px; '><article class=\"iconbox iconbox_left_content  \"  itemscope=\"itemscope\" itemtype=\"https:\/\/schema.org\/CreativeWork\" ><div class=\"iconbox_icon heading-color\" aria-hidden='true' data-av_icon='\ue821' data-av_iconfont='entypo-fontello'  ><\/div><div class=\"iconbox_content\"><header class=\"entry-content-header\"><h3 class='iconbox_content_title'  itemprop=\"headline\"  >FINCA DE LUJO SINFINDEFIESTAS A S\u00d3LO 30 MINUTOS DESDE SOL<\/h3><\/header><div class='iconbox_content_container '  itemprop=\"text\"  ><p>GRADUACIONES 2020:\u00a0 INFORMACI\u00d3N 639738834 :<\/p>\n<p>El a\u00f1o pasado movimos mas de 2.000 personas entre universitarios y bachiller con un 100% de fiestas cumplidas.<\/p>\n<p>LUGAR:<\/p>\n<p>FINCA ENTRE TORREJON -COSLADA-ALCALA DESDE madrid 25 minutos en autob\u00fas,lo que se tarda en ir a una discoteca en metro y con muchas m\u00e1s ventajas: Finca con 6 salones independientes, m\u00e1s una parte exterior con iluminaci\u00f3n y carpas.<\/p>\n<p>OFERTA\u2b07:<\/p>\n<p>-Autobuses de ida y vuelta incluido\u00a0 ( Recogida en el lugar donde sea la cena o el elegido por EL CENTRO)<\/p>\n<p>-Camareros profesionales con todo incluido<\/p>\n<p>-Seguridad privada (son profesionales en su trabajo)<\/p>\n<p>-Barra libre 3\/4horas( marcas conocidas,cero garrafon) a convenir.<\/p>\n<p>-DJ\u2019S JOVENES CON LO MAS ACTUAL<\/p>\n<p>-Fot\u00f3grafo con un photocall<\/p>\n<p>-EFECTOS DE SONIDO E ILUMINACI\u00d3N DE DISCOTECA<\/p>\n<p>-M\u00c1S DE 100 M2 al aire libre con carpas, jardines, terrazas&#8230;<\/p>\n<p>-Horario desde 12 hasta las 5.30\/ 6 de la Madrugada.<\/p>\n<p>-PRECIO A CONVENIR PERO MUY ECON\u00d3MICOS..<\/p>\n<p>-Posibilidad de catering o recena, la recena subir\u00eda 10\u20ac m\u00e1s y si el catering seg\u00fan el que escoj\u00e1is. Lo mejor es que veng\u00e1is a ver la finca ya que os va a encantar seg\u00fan la ve\u00e1is, muy di\u00e1fana y bonita,sin vecinos y el autob\u00fas os deja en la misma puerta.<\/p>\n<p>Pod\u00e9is ver m\u00e1s fotos y v\u00eddeos en el instagram de sinfindefiestas.com (s\u00edguenos) .<\/p>\n<p>Si quer\u00e9is venir a verla os llevamos y os traemos totalmente GRATIS, tambi\u00e9n se hace un documento de fiesta privada en el que vamos apuntando los pagos, con posibilidad de pagar en varias veces. SIN ESTAFAS Y TODO TOTALMENTE LEGAL<\/p>\n<\/div><\/div><footer class=\"entry-footer\"><\/footer><\/article><\/div><div class=\"flex_column av_one_full  flex_column_div av-zero-column-padding first  \" style='border-radius:0px; '><article class=\"iconbox iconbox_left_content  \"  itemscope=\"itemscope\" itemtype=\"https:\/\/schema.org\/CreativeWork\" ><div class=\"iconbox_icon heading-color\" aria-hidden='true' data-av_icon='\ue8c9' data-av_iconfont='entypo-fontello'  ><\/div><div class=\"iconbox_content\"><header class=\"entry-content-header\"><h3 class='iconbox_content_title'  itemprop=\"headline\"  >LOCALES EN MADRID CAPITAL HASTA 100-120 PERSONAS<\/h3><\/header><div class='iconbox_content_container '  itemprop=\"text\"  ><p>GRADUACIONES 2026:\u00a0 INFORMACI\u00d3N 639738834 :<\/p>\n<\/div><\/div><footer class=\"entry-footer\"><\/footer><\/article><\/div><div class=\"flex_column av_one_fifth  flex_column_div av-zero-column-padding first  \" style='border-radius:0px; '><\/div><div class=\"flex_column av_one_fifth  flex_column_div av-zero-column-padding   \" style='border-radius:0px; '><\/div>\n<\/div><\/div><\/div><!-- close content main div --><\/div><\/div><div id='after_section_2' class='main_color av_default_container_wrap container_wrap sidebar_right'   ><div class='container' ><div class='template-page content  av-content-small alpha units'><div class='post-entry post-entry-type-page post-entry-276'><div class='entry-content-wrapper clearfix'><\/p>\n","protected":false},"excerpt":{"rendered":"","protected":false},"author":1,"featured_media":0,"parent":0,"menu_order":0,"comment_status":"closed","ping_status":"closed","template":"","meta":[],"_links":{"self":[{"href":"https:\/\/www.sinfindefiestas.com\/index.php\/wp-json\/wp\/v2\/pages\/276"}],"collection":[{"href":"https:\/\/www.sinfindefiestas.com\/index.php\/wp-json\/wp\/v2\/pages"}],"about":[{"href":"https:\/\/www.sinfindefiestas.com\/index.php\/wp-json\/wp\/v2\/types\/page"}],"author":[{"embeddable":true,"href":"https:\/\/www.sinfindefiestas.com\/index.php\/wp-json\/wp\/v2\/users\/1"}],"replies":[{"embeddable":true,"href":"https:\/\/www.sinfindefiestas.com\/index.php\/wp-json\/wp\/v2\/comments?post=276"}],"version-history":[{"count":37,"href":"https:\/\/www.sinfindefiestas.com\/index.php\/wp-json\/wp\/v2\/pages\/276\/revisions"}],"predecessor-version":[{"id":652,"href":"https:\/\/www.sinfindefiestas.com\/index.php\/wp-json\/wp\/v2\/pages\/276\/revisions\/652"}],"wp:attachment":[{"href":"https:\/\/www.sinfindefiestas.com\/index.php\/wp-json\/wp\/v2\/media?parent=276"}],"curies":[{"name":"wp","href":"https:\/\/api.w.org\/{rel}","templated":true}]}}